= -r**2 - 3*r + 12. What is p(j)?
-6
Let y(g) be the first derivative of -g + 54*g**3 - 62 - g**2 + 56*g**3 - 113*g**3. Let u = 4 - 5. Calculate y(u).
-8
Let w(s) be the second derivative of s**3/3 + 3*s**2/2 - 5*s. Let u = 1348 - 892. Let r = u - 453. Calculate w(r).
9
Let z(w) = -2*w + 1. Let m(r) = -r**2 + r + 2. Let l(v) = -v**3 + 6*v**2 - 10. Let o(g) = -2*l(g) - 4*m(g). Let d be o(4). What is z(d)?
9
Let i(k) = -11*k**2 - 1. Suppose 62*u - 77 = 52 - 5. Determine i(u).
-45
Let o(l) = 1830 + 10*l**2 - 908 + 3*l**2 - 3*l + 4*l - 923. Give o(-3).
113
Let z(k) = k**3 - 2*k**2 - 12*k + 18. Suppose -165*q + 368 = 30 - 322. Give z(q).
2
Suppose 9*q = 7*q + 16. Let v(i) = -5*i + 203*i**2 + i**3 - 5*i - 60*i**2 + 17 - 150*i**2. What is v(q)?
1
Let w(t) = -12*t + 305. Let b(x) = 7*x - 143. Let l(k) = 5*b(k) + 2*w(k). Determine l(10).
5
Let n = 239 - 213. Suppose -c = -4*l - n, -4*c = -3*l + l - 20. Let d(u) = u + 5. Give d(l).
-1
Let t(q) = -55*q + 164*q - q**2 - 7*q - 15 - 55*q - 55*q. Determine t(-9).
-24
Let k = 94 + -80. Let p(d) = k - 32 + 14 - d. Calculate p(-6).
2
Let k(q) = -18*q - 83. Let y = 293 - 298. Calculate k(y).
7
Let f(b) be the third derivative of -17*b**6/120 + b**5/20 + b**4/12 - b**3/6 - b**2 - 1403. Calculate f(-1).
17
Let b(o) = 26*o + 68. Let v(q) = 25*q + 68. Let g(n) = 3*b(n) - 2*v(n). Calculate g(-3).
-16
Suppose -5*c - 3*c - 13*c - 147 = 0. Let d(k) = -k**3 - 4*k**2 + 6*k - 10. Calculate d(c).
95
Let b(p) = 16*p**2 + 0*p - p - 10 + 3*p - 23 - 15*p**2. What is b(-9)?
30
Suppose -25 + 67 = -52*b - 478. Let o(p) = -p**2 - 17*p - 72. Calculate o(b).
-2
Let w(b) = -b**3 + 4*b**2 + 3*b - 6. Let y be w(4). Let r(n) = -4*n**3 + 4 - 617*n**2 + 3*n**3 + y*n + 621*n**2. Determine r(5).
9
Suppose 2*d = -4*b - 2, -4*b = 3*d - 8*b - 27. Let j(v) = -2*v**2 + 4*v + 39. Calculate j(d).
9
Let c(w) = 2*w + 7. Let d(r) = r + 3*r + 2*r + r**2 - 13*r + 6*r + 6. Let z(g) = g**2 + 6*g - 7. Let p be z(-7). Let f be d(p). Determine c(f).
19
Let c = 35 + -111. Let i = c - -78. Let l(q) = 0*q + 6*q**2 + 2*q + 1 - 20*q**2 - 7*q**i. What is l(-1)?
-22
Let q(p) be the second derivative of p**7/2520 - p**6/80 - p**5/20 - p**4/12 + 11*p**3/3 - 90*p. Let g(k) be the third derivative of q(k). Determine g(9).
-6
Let j = -6 + 3. Let q be (3/(-2))/j*-2. Let c(w) = -3*w + 43*w - 2*w - 32*w - 7*w - 5*w. Determine c(q).
6
Suppose 5*j - 13 = 18*j. Let c be (-1 - 2/j) + 4. Suppose -2*g + c = g + 2*b, 1 = 3*g + 4*b. Let p(v) = -v**3 + 2*v**2 + 2*v - 2. Calculate p(g).
-5
Let h(z) = z**2 - 10*z + 12. Let b be h(8). Let v(a) = -5*a**3 - 7*a**2 - 10*a - 6. Let f(y) = y**3 - y**2. Let l(m) = b*f(m) - v(m). What is l(-10)?
6
Let z be (55/10)/(1/2). Suppose 17 = -6*n - z*n. Let q(t) = -t**3 + 3*t + 1. What is q(n)?
-1
Let g(f) = f**3 - 5*f**2 - 8*f - 3. Suppose d - 202*b - 31 = -207*b, 3*d - 4*b = -2. Calculate g(d).
-15
Let l = -12 - -8. Let j(t) = 277*t + 5. Let y(h) = -83*h - 2. Let p(v) = 3*j(v) + 10*y(v). Calculate p(l).
-9
Let y(i) = -11*i**3 + 6*i**2 + 13*i + 39. Let c(u) = -9*u**3 + 7*u**2 + 15*u + 39. Let g(h) = 6*c(h) - 5*y(h). Calculate g(-10).
-11
Let v = 2400 - 2417. Let j(m) = 7*m + 118. Give j(v).
-1
Let y = 12492 + -12492. Let a(q) = -q**2 + 8*q - 16. What is a(y)?
-16
Let z(r) = 33*r + 13. Let b(o) = 101*o + 35. Let p(y) = 3*b(y) - 8*z(y). Determine p(1).
40
Suppose 241*j - 5*y = 239*j + 66, 4*j + 3*y = 2. Let g(o) = o - 15. Let b(l) = -2*l + 30. Let m(s) = -3*b(s) - 5*g(s). Determine m(j).
-7
Let p(y) be the third derivative of y**4/24 + 5*y**3/6 - 46*y**2 - y. Suppose 2*q + 4*j = -16, q - 5*j + 7 = -8. Calculate p(q).
-5
Let v(q) = -22*q + 644. Suppose 31 = 4*o - 3*u - 103, -2*o + u + 64 = 0. Determine v(o).
6
Let r be 1*((-158)/(-711) - (-50)/18). Let o(f) = f**3 - 19*f + 18. Calculate o(r).
-12
Suppose -2*c = -h - 2*h + 18, -3*h + 5*c = -18. Let i(v) be the third derivative of -v**5/30 + 5*v**4/12 + v**3/2 + v**2 + 3666*v. Calculate i(h).
-9
Suppose -n = -2*m + 5, n + 52 = 5*m + 44. Let w(x) = 22*x + 3. Give w(m).
25
Let y(m) be the first derivative of m**4/4 + m**3 + m**2 + 3504. Calculate y(-4).
-24
Let a(j) be the third derivative of j**5/60 - j**4/3 - 3*j**3 - j**2 + 1298. Determine a(10).
2
Suppose -357*d + 361*d = 5*q + 48, -2*d + 2*q + 22 = 0. Let m(h) be the first derivative of -h**2 + 7*h - 2. What is m(d)?
-7
Let k be (1/(-3))/((-13)/234). Let q = 3 + 7. Let p(m) = q - 7*m**2 - 7*m + k*m**2 + m. Calculate p(-7).
3
Let p(q) = 0 + 239623*q**2 + 22 + 9*q - 239618*q**2. What is p(-3)?
40
Let t(j) be the second derivative of -j**4/12 + 5*j**3/3 - 4*j**2 - 165*j. Let v(h) = -h**3 + 9*h**2 + h. Let y be v(9). Give t(y).
1
Let z(u) = 2*u**2 + 5*u - 6. Let q be -15 + (-4 + -6 - -26). Give z(q).
1
Let c(q) = -65*q + 104*q - 29*q + q**2 - 57 - 77. What is c(-18)?
10
Let j(u) = -17*u**2 - 5*u + 31. Let p(n) = -3*n**2 + n + 1. Let h(w) = -j(w) + 5*p(w). Give h(-6).
-14
Let q(o) = -2*o - 7. Let z(b) = -3*b - 12. Let u(f) = -5*q(f) + 3*z(f). Let x = -40 - -37. Calculate u(x).
-4
Let o(f) = -9*f - 9. Let d(w) = -13*w - 13. Let q(i) = -5*d(i) + 7*o(i). Let g be (6 - (5 + 0) - 5) + 2. Calculate q(g).
-2
Let i(j) = 6*j**2 - 176*j - 12. Let a(p) = -5*p**2 + 130*p + 13. Let t(v) = -4*a(v) - 3*i(v). Give t(-5).
-6
Let v(g) = 1 - 7*g + 54 + 4*g - 63 + 2. Suppose 2*k - 3*d = -27, 0*d + 19 = -4*k - d. What is v(k)?
12
Let p(f) = -10*f**2 + f. Let t(h) = 2*h - 8. Let q be t(9). Let r be (1/(-3))/(11 - q)*-3. Let o be (-1 - -2) + (r - 1). Give p(o).
-9
Let c(f) be the third derivative of f**6/60 + f**5/12 + f**4/8 - 4*f**3/3 + 35*f**2 - 1. Let y(l) = -l**3 - 2*l + 1. Let i(b) = c(b) + y(b). Determine i(-5).
-12
Let u = -16 + 44. Suppose -2*g + u = -4*b, g + 1 = -0*g - b. Suppose -18 = 4*p + g*s - 6, 0 = -2*s - 4. Let n(i) = 11*i. Determine n(p).
-11
Let l(i) = 10*i**2 + 24*i - 3. Let a be l(-3). Let q(p) = -p**2 + 8*p + 108. Determine q(a).
3
Let t(j) = -j**3 - 13*j**2 + 13*j + 5. Let w be t(-14). Let p be 12/16 + 1/((-4)/w). Let q(k) = k**3 + 5*k**2 + 4*k + 4. Determine q(p).
4
Let c be 1*-6*-1 + 1. Let b(k) be the second derivative of k**5/20 - 2*k**4/3 + k**3 + k**2 - 2577*k. What is b(c)?
-5
Let a(r) = -r**2 - 13*r + 10. Suppose 29*d = -10816 + 10613. Determine a(d).
52
Let a(x) = 5*x**2 + 15*x - 6. Let t(p) = 12*p**2 + 32*p - 12. Let z(h) = -h**2 - 26*h - 123. Let i be z(-6). Let w(y) = i*t(y) + 7*a(y). Determine w(3).
12
Let m(b) = b**3 + 2 + 0 + 1 + 3*b**2 - 3*b - 2*b**2. Suppose 4*l + 81 = -20*l + 9. Determine m(l).
-6
Let g be (-1*(4 + -4 + -71))/1. Let t(q) = 79*q + 5 - 153*q + g*q. Give t(5).
-10
Let x = -17376 - -17376. Let h(u) be the second derivative of x - 12*u + 1/20*u**5 + 1/2*u**4 - 3/2*u**3 - 7/2*u**2. What is h(-7)?
7
Let c(s) be the third derivative of s**6/60 + s**5/30 - s**4/6 + s**3/2 - 6*s**2 + 4*s - 20. Calculate c(-4).
-77
Let n be ((-21)/9)/(2/(-114)). Let c = n + -134. Let a(u) be the first derivative of 8*u**3/3 + u**2 + u + 1. What is a(c)?
7
Let s(n) = -n**3 + 14*n**2 + 2*n - 24. Let l be s(14). Let b(m) be the first derivative of 3*m**2/2 + 2*m - 23. Give b(l).
14
Let g(u) = 11*u**2 + 6*u + 5. Let b(d) = -4*d**2 - 4*d - 1. Let h(w) = -2*b(w) - g(w). Calculate h(2).
-11
Let j(p) be the first derivative of p**4/4 + 14*p**3/3 - 15*p**2/2 + 7*p - 282. Determine j(-15).
7
Suppose 0 = 4*w - 13*p + 18*p + 7, 3*p + 28 = w. Let v(j) = -2*j - 26. Give v(w).
-40
Let q(l) = l - 3. Let h = 0 - 0. Suppose -2*x = 0, -2*z - 2*x = -0*z - 48. Suppose 6*k - k + 4*f - z = h, -13 = -3*k - f. Calculate q(k).
1
Let v(s) = -2*s**2 - 49*s + 18. Let f be v(-25). Let y(o) = 25 - 7 - 4 + 3*o + 1. Give y(f).
-6
Suppose x + 1 = 3*x + j, -5*x = 5*j. Suppose 2*f = x - 7, 5*f + 45 = 3*z. Let a(m) = m**2 - 11*m + 10. Calculate a(z).
0
Let l(k) = 8*k**2 - 10*k + 23. Let v(y) = 7*y**2 - 11*y + 20. Let z(i) = 6*l(i) - 7*v(i). What is z(14)?
40
Let o(c) = -3*c**3 - 2*c**2 - c + 2. Let q be o(2). Let n be (q/20)/(36/(-45)). Let r(z) = 4*z**2 - 4*z + 3. Give r(n).
11
Let w = -273 + 276. Suppose -z = -5*l + 45, l - 6*z - 23 = -w*z. Let m(o) = -o**2 + 8*o + 1. Calculate m(l).
1
Suppose 434 = -381*s - 1295 - 557. Let k(y) = 23*y - 42. What is k(s)?
-180
Let k = -2423 - -2416. Let d(r) be the second derivative of -2*r + 0 - 1/20*r**5 + 3/2*r**2 - 2/3*r**4 - 2/3*r**3. Giv